hat is the highest common factor of 822 and 48?
6
What is the highest common divisor of 4463990 and 5?
5
Calculate the greatest common divisor of 195 and 7085.
65
Calculate the highest common divisor of 20972 and 3.
1
Calculate the highest common factor of 616 and 128534.
14
What is the highest common divisor of 3922440 and 360?
120
What is the greatest common divisor of 299 and 10907?
13
Calculate the highest common divisor of 20775 and 196947.
831
What is the greatest common divisor of 14920 and 440?
40
Calculate the highest common divisor of 46569 and 43.
43
What is the highest common factor of 57624 and 120?
24
Calculate the greatest common factor of 40636 and 16.
4
Calculate the highest common divisor of 225 and 2441700.
225
Calculate the greatest common divisor of 13184 and 29600.
32
Calculate the highest common divisor of 5497 and 4577.
23
What is the highest common factor of 119805 and 30?
15
Calculate the greatest common divisor of 1240 and 5240.
40
What is the greatest common factor of 285349 and 71?
71
What is the greatest common divisor of 252365 and 17?
17
What is the highest common factor of 5440 and 14620?
340
What is the greatest common factor of 80 and 562?
2
Calculate the highest common divisor of 111718 and 166.
166
Calculate the highest common factor of 5771382 and 318.
318
What is the greatest common divisor of 277287 and 153?
51
Calculate the highest common factor of 24 and 76524.
12
What is the greatest common divisor of 52 and 28324?
4
Calculate the greatest common divisor of 642 and 42.
6
Calculate the highest common divisor of 813 and 5962.
271
What is the greatest common factor of 19000 and 51200?
200
What is the greatest common divisor of 21 and 142828?
7
What is the greatest common divisor of 1972 and 2088?
116
Calculate the greatest common factor of 301560 and 840.
840
Calculate the highest common divisor of 585 and 26955.
45
What is the greatest common factor of 15394 and 774?
86
What is the highest common factor of 121 and 16071?
11
What is the highest common divisor of 16 and 3832?
8
What is the highest common factor of 46833 and 8388?
699
What is the highest common divisor of 1001 and 1460173?
143
Calculate the greatest common factor of 107389 and 374.
17
What is the highest common divisor of 5215 and 2275?
35
Calculate the highest common factor of 1535784 and 36.
12
What is the highest common factor of 407 and 388907?
37
Calculate the greatest common factor of 16235 and 68.
17
What is the highest common divisor of 3272 and 256?
8
Calculate the greatest common factor of 68952 and 207.
3
Calculate the greatest common factor of 13620368 and 16.
16
Calculate the greatest common factor of 643579 and 212.
53
What is the greatest common factor of 265 and 1537?
53
Calculate the highest common factor of 32142 and 2266.
22
What is the greatest common factor of 3 and 34113?
3
Calculate the greatest common factor of 4460781 and 13.
13
Calculate the greatest common divisor of 3267 and 17787.
363
Calculate the greatest common factor of 12 and 5036.
4
What is the highest common divisor of 6119 and 2291?
29
What is the greatest common factor of 4399 and 66727?
53
Calculate the highest common factor of 372 and 1886.
2
What is the greatest common factor of 31927 and 448?
7
Calculate the greatest common factor of 6 and 85.
1
Calculate the greatest common divisor of 65 and 35828.
13
Calculate the greatest common factor of 27 and 6093.
9
What is the greatest common factor of 84550 and 356?
178
What is the greatest common divisor of 264 and 14421?
33
What is the highest common divisor of 1773 and 2597248?
197
What is the highest common divisor of 107796 and 5304?
156
Calculate the greatest common factor of 77059 and 3156.
263
What is the highest common divisor of 18168 and 23904?
24
Calculate the highest common divisor of 37130 and 1786.
94
What is the greatest common factor of 153386 and 9214?
542
What is the greatest common factor of 1512 and 23922?
54
What is the greatest common divisor of 944530 and 9280?
290
Calculate the greatest common divisor of 177039 and 3735.
747
What is the greatest common factor of 333993 and 174?
87
What is the highest common factor of 895 and 400?
5
Calculate the highest common divisor of 31060 and 70.
10
Calculate the highest common factor of 36 and 1469970.
18
What is the greatest common divisor of 140 and 46165?
35
Calculate the highest common divisor of 100 and 36600.
100
Calculate the highest common divisor of 3713 and 2350.
47
What is the greatest common divisor of 16893 and 45?
9
Calculate the greatest common divisor of 570 and 6558.
6
What is the highest common divisor of 216 and 35536?
8
What is the highest common factor of 112 and 38444?
28
Calculate the highest common factor of 35265 and 105.
15
Calculate the greatest common factor of 115872 and 204.
204
What is the greatest common divisor of 6720200 and 50?
50
What is the greatest common factor of 15 and 218760?
15
Calculate the highest common factor of 19210 and 2825.
565
Calculate the greatest common divisor of 257684 and 308.
28
What is the greatest common factor of 918262 and 586?
586
Calculate the greatest common factor of 253 and 117369.
23
What is the greatest common factor of 13 and 98371?
13
What is the highest common factor of 247 and 57?
19
Calculate the highest common factor of 7392 and 6.
6
What is the greatest common factor of 247 and 2587?
13
Calculate the highest common divisor of 83268 and 13364.
1028
Calculate the greatest common divisor of 1659 and 47874.
237
Calculate the greatest common divisor of 88 and 19349.
11
Calculate the greatest common divisor of 424 and 66250.
106
What is the highest common divisor of 180747 and 3322?
151
What is the highest common factor of 92 and 1516?
4
Calculate the highest common factor of 4880 and 1360.
80
Calculate the greatest common factor of 231 and 8995.
7
What is the highest common factor of 1946860 and 8708?
1244
Calculate the highest common divisor of 105 and 19335.
15
Calculate the greatest common divisor of 1024 and 15872.
512
Calculate the greatest common factor of 11416 and 8.
8
What is the highest common factor of 259248 and 491?
491
What is the highest common factor of 1114923 and 177?
177
What is the highest common factor of 47280 and 240?
240
Calculate the highest common factor of 6485 and 85.
5
Calculate the greatest common factor of 23715 and 390.
15
What is the highest common factor of 141776 and 12?
4
Calculate the greatest common divisor of 32237 and 19.
1
What is the greatest common factor of 9449 and 44?
11
What is the greatest common factor of 682 and 4619?
31
Calculate the highest common divisor of 5767 and 31025.
73
Calculate the highest common divisor of 62700 and 132.
132
What is the highest common divisor of 21884 and 100?
4
What is the highest common divisor of 195280 and 290?
10
Calculate the highest common divisor of 21597 and 345.
69
What is the greatest common divisor of 189 and 33425?
7
What is the highest common factor of 310679 and 201?
67
Calculate the highest common factor of 35 and 6548885.
35
Calculate the highest common factor of 256184 and 62.
62
Calculate the highest common divisor of 64 and 829.
1
What is the highest common factor of 2009 and 365589?
49
Calculate the highest common divisor of 40951 and 651.
31
Calculate the greatest common divisor of 4757 and 317513.
67
What is the highest common factor of 11100 and 680100?
300
What is the greatest common divisor of 944 and 63?
1
What is the greatest common factor of 35778 and 52260?
402
Calculate the highest common divisor of 20208 and 84.
12
What is the greatest common factor of 24 and 4152?
24
What is the greatest common factor of 24 and 5262?
6
What is the highest common factor of 296 and 812964?
148
Calculate the greatest common divisor of 92169 and 115577.
1463
What is the highest common divisor of 117 and 180609?
39
Calculate the highest common divisor of 43847 and 2690.
269
What is the highest common divisor of 714 and 167433?
357
What is the highest common factor of 88 and 23309?
11
What is the highest common factor of 51 and 45781?
17
What is the greatest common divisor of 39634 and 532?
266
Calculate the greatest common divisor of 992121 and 39.
39
Calculate the greatest comm